624, 5*j - 6*p + 11*p - 2690 = 0. What is the greatest common divisor of j and 630?
90
Let a be 2 - (2/3)/((-8)/12). Suppose -a*x = 4*b - 52, 4*x + b - 46 = 19. Suppose x = -t + 49. Calculate the highest common factor of 132 and t.
33
Suppose 123*h = 129*h. Suppose h*u + u + 4*i = 184, 4*u - 770 = i. What is the highest common factor of u and 32?
32
Let r be (-2 - (-2)/(2 + -4))/(3/(-9)). Let d(v) = 71*v + 3. Let i be d(3). Calculate the highest common factor of r and i.
9
Let i(l) = 44*l - 227. Suppose -12*d - 420 = -72*d. Let p be i(d). Calculate the greatest common divisor of 108 and p.
27
Suppose 0 = 4*n - 9*n - 2*p + 10, 3*p + 6 = 3*n. Suppose 24*d - 28*d = n*w - 700, -170 = -d - 3*w. Calculate the highest common factor of d and 22.
22
Let p = 1322 - 1283. Calculate the highest common divisor of 5148 and p.
39
Let o be (42/9)/((7/7)/1953). What is the highest common factor of 186 and o?
186
Let r = -4 + 6. Let y be (-106 + r)*(-6)/8. Suppose 3*h = -5*g + 145, 5*g + 4*h - 46 - 104 = 0. Calculate the highest common divisor of y and g.
26
Let p(i) = 4*i**3 + 2*i**2 - 6*i + 5. Let u be p(1). Let f be ((-1)/(-3))/(13/3705). What is the highest common divisor of f and u?
5
Let p be 539 + 8*(-6)/(11 + 1). Let o = p - 191. Calculate the highest common factor of 258 and o.
86
Suppose -2*f = i - 10, 2 + 4 = 2*f. Suppose 3*a - k = 44, 0 = -i*a - k - 2*k + 37. What is the greatest common factor of a and 533?
13
Suppose -a = -0*a - 40. Let g = 136 + -199. Let j = 73 + g. Calculate the highest common factor of a and j.
10
Let d(z) = 8*z**2 + 13*z - 68. Let p be d(8). Let x = p - 504. What is the greatest common divisor of x and 451?
11
Suppose 13131 = 4*m - 2*g - 13265, -m - 4*g + 6617 = 0. What is the highest common divisor of m and 483?
161
Let c = 827 - 175. Let n = c - 363. Calculate the greatest common divisor of 17 and n.
17
Suppose -w - 3*w - 8 = 0. Let k(y) = 64*y - 1472. Let t be k(23). Let q be 136 + (0 + w - 1) + t. Calculate the greatest common factor of 19 and q.
19
Suppose 0 = g - 4*z - 159 - 301, -g + 439 = 3*z. Calculate the greatest common divisor of g and 144.
16
Suppose -3*x + 4 = -d - 17, 0 = 4*d - x + 51. Let k be (d/((75/10)/5))/(-2). Calculate the greatest common divisor of k and 10.
2
Let x(q) = -8*q**3 + 32*q**2 - q - 4. Let z be x(4). Let k be (z + (-33)/(-6))*(-16)/10. Calculate the highest common divisor of 44 and k.
4
Let b(n) = 85*n + 10. Let o be b(1). Calculate the greatest common factor of 247 and o.
19
Let m(f) = f**2 - 30*f + 84. Let p be m(17). Let q = p + 323. Calculate the greatest common divisor of q and 6.
6
Suppose -383*z = 77*z - 87860. What is the highest common factor of z and 191?
191
Let k be ((-44)/8*-216)/(0 - -2). Calculate the highest common divisor of k and 1566.
54
Let g(s) = 2*s**2 - 330*s + 1678. Let y be g(5). Calculate the highest common factor of y and 8476.
26
Let n(i) = i**3 + 7*i**2 + i - 32. Let q be n(-6). Let z = q + -35. Let j = 57 + z. Calculate the greatest common divisor of 60 and j.
20
Let k(b) = -b**3 - 3*b**2 - 4*b - 1. Let g be k(-3). Suppose g = 3*w + o - 18, w + 2 = 2*o. Calculate the highest common divisor of 32 and w.
8
Let v(g) = 8*g + 67. Let p be v(-8). Let d be 3/(12/680) + p/(-3). Calculate the highest common factor of d and 39.
13
Let m(x) = -x**2 + 2. Let w be m(-3). Let c = w + 4. Let i = 33 + c. What is the greatest common factor of 5 and i?
5
Let k(d) = -d + 10. Let n be k(-11). Let o = n + -21. Suppose -z + 32 - 10 = o. Calculate the highest common factor of z and 11.
11
Suppose -l - 63*h = -59*h - 1998, 0 = 5*h - 15. Calculate the greatest common divisor of 48 and l.
6
Let x be ((-9)/(-1) - -6)*((-24)/6 + 117). What is the greatest common factor of x and 60?
15
Let v(d) = -60*d - 1697. Let i be v(-29). Calculate the greatest common factor of i and 20597.
43
Let l = -3 + 13. Let n(g) = 10*g**2 + 7*g + 6. Let x be n(-4). Suppose 4*f + x = 178. What is the greatest common divisor of l and f?
10
Suppose -2*w + 28 = -h - 27, 0 = -2*h + w - 104. Let y(r) = r**3 + 3. Let c be y(4). Let i = c + h. Calculate the highest common divisor of 12 and i.
4
Suppose 32*t = -34*t + 107382. Suppose -t*m = -1630*m + 615. Calculate the greatest common divisor of 5 and m.
5
Let d = 15039 + -4483. Calculate the highest common divisor of 52 and d.
52
Suppose -p = -r - 19, 52 = 3*p - r + 3*r. Let h be 4 + -6 + 6 + -5. Let o be (-7)/(-21) - (-532)/6 - h. What is the greatest common factor of p and o?
18
Suppose 0 = -3*k - 3*r + 6084, r + 5845 + 2232 = 4*k. What is the highest common divisor of 47 and k?
47
Suppose -4*r - r + 10 = 0. Suppose -3*p = -12, -r*a + 4*p = 8 - 64. Suppose -8*k + 9 + 183 = 0. What is the greatest common divisor of a and k?
12
Let r(m) = 55*m - 14. Let s be r(4). Let p = -67 + s. Let w = p + -99. What is the highest common divisor of w and 8?
8
Let y be (5 + 135/(-25))*5/(-6)*180. What is the highest common factor of y and 11835?
15
Let n be (-5)/10*(-2 - -2). Let x(m) = -m**3 + 3*m + 357. Let c be x(n). Let h = -9 + 60. Calculate the highest common factor of c and h.
51
Let g(i) = -2*i**3 + 241*i**2 + 126*i + 402. Let b be g(121). What is the greatest common factor of 371 and b?
53
Suppose -5*s + 2*s = 105. Let t = 39 + s. What is the highest common divisor of t and 76?
4
Suppose -3*x + 80 + 620 = 2*x. Calculate the greatest common factor of x and 460.
20
Let g be (-17085)/(-170) + 2/(-4). Let t = -35 + 56. Suppose c = 3*b - 5 + t, -b - 97 = -4*c. Calculate the highest common divisor of c and g.
25
Suppose 36 = 2*k + 3*p, -39 = 2*k + 5*p - 71. Calculate the highest common divisor of 7441 and k.
7
Let t be ((-200)/(-15))/(4/270*(-4 - -9)). Calculate the highest common divisor of 2115 and t.
45
Let l = 69 - -109. Suppose -3*i - 88 = -l. Suppose 0 = 5*j + v - 227, -v + 0*v + 2 = 0. What is the greatest common divisor of i and j?
15
Let w be (20/(-3))/(24/108). Let b be (360/(-14))/(w/420). Suppose 0*c = 6*c - b. What is the highest common factor of 5 and c?
5
Let w(b) = b**3 + 6*b**2 + 7*b - 2. Let j be w(-3). Suppose j*k + f - 153 - 150 = 0, 0 = 4*f + 4. Calculate the highest common factor of 19 and k.
19
Let g = -457 + 864. Let k be (3 - 2) + g + -2 + 1. Calculate the highest common divisor of 37 and k.
37
Suppose 81*n = 91*n - 40. Suppose n*g = -4*h + 392, 14*h + 3*g - 195 = 12*h. Calculate the highest common divisor of 9 and h.
9
Suppose -1133*x - 140 = -n - 1135*x, 2*n + 2*x = 272. Let k(b) = b**3 - 8*b**2 + b - 4. Let d be k(8). What is the highest common factor of d and n?
4
Let q = 43 + -36. Suppose -4*m + q*m = 3*x, -2*m = x. Suppose x = -b - 3, -2*i + 45 = 4*b - 23. Calculate the highest common factor of i and 16.
8
Suppose 109 = 2*h + 3*l - 12, -3*l = 3*h - 186. Let y be (-1)/(-8) + 68058/2736. Calculate the highest common factor of y and h.
5
Let a = 3527 + -3071. What is the greatest common factor of 304 and a?
152
Let w be 4/(-17) + 1985784/1649. Calculate the highest common factor of 2709 and w.
301
Suppose 0 = 4*p - 4*f - 64136, 5*f + 96 = -4*p + 64196. Calculate the greatest common factor of 140 and p.
70
Let q be (4*(-15)/(-6))/((-2)/(-8)). Suppose -q*f + 36*f = -192. What is the greatest common divisor of f and 24?
24
Suppose -31*s + 2004 - 330 = 0. What is the highest common divisor of s and 6750?
54
Let u(l) = -4*l - 14. Let p be u(-4). Suppose p*k - 2*g = -59 - 97, 0 = -k - g - 70. Let b = k + 92. What is the highest common factor of b and 12?
6
Let l(p) = -51 + 82*p + 3*p**2 + 7 - 59*p - 4*p**2. Let h be l(20). What is the highest common factor of 176 and h?
16
Let l be (23/((-966)/180))/(2/(-308)). Suppose 16*m - l = 4*m. Let o be (9/(-3) - -16) + 0 + -2. Calculate the greatest common factor of o and m.
11
Let z be 1*(2 - -2)*(-28)/16. Let r be (-2)/z + 32154/161. Let d be (-4)/(-6) + 236/6. What is the greatest common divisor of d and r?
40
Suppose 3*j = -2*q - 0*q + 29531, -j = 2*q - 29541. Suppose 35*f = q + 8537. Calculate the greatest common divisor of f and 74.
74
Suppose -11*y - 168 = -3*y. Let z be 6/y + 4170/42. Calculate the greatest common factor of z and 44.
11
Suppose 3*h - 9*h + 492 = 0. Suppose -h*l = -86*l + 3300. What is the highest common divisor of 33 and l?
33
Suppose 0 = -5*f - 5*d + 85, -f + 71 = 3*f + 5*d. Suppose 97*r -